/(-24)*(-10)/15 + 6447?
4
Let i = 56 - 54. Suppose 14*m = i*m + 5784. What is the tens digit of m?
8
Let x(p) = 46 - 23*p + 4*p + 356*p**2 - 357*p**2 - p. What is the tens digit of x(-14)?
3
Let r(p) = -25*p + 103*p**2 - 3 - 206*p**2 + 108*p**2. What is the units digit of r(11)?
7
Let v = 167985 - 118694. What is the hundreds digit of v?
2
What is the tens digit of 2121048/84 + 468/63 + -6?
5
Let i(k) = -2*k**2 - 6*k - 3. Suppose -8 = 6*o + 10. Let y be i(o). What is the units digit of (-304)/(-12)*y/(-2)?
8
Suppose 0 = -100*t + 24467 + 25433. What is the units digit of t?
9
Let t = -3297 + 8250. What is the thousands digit of t?
4
Let w(b) = -b**3 + 13*b**2 - 7*b + 5. Suppose 53 = 11*y - 178. Suppose -m - 10 + y = 0. What is the tens digit of w(m)?
7
Let g = -12484 + 20982. What is the tens digit of g?
9
Suppose -4*u - 8 = 0, 4*f - 4 = 6*f + 5*u. Suppose 2*x - f*a + 4825 = 4*x, 4*a = 3*x - 7280. Suppose 9*w = -2*w + x. What is the tens digit of w?
2
Suppose 127 = 3*a + a + 3*b, 97 = 4*a - 3*b. Let n be -1*(a/(-4))/1. Let s(u) = 2*u - 9. What is the units digit of s(n)?
5
Suppose 5*s + 22370 = -z + 75142, -52764 = -5*s + 3*z. What is the tens digit of s?
5
Let b(x) be the second derivative of 0*x**2 - 1/6*x**4 - 1/6*x**3 - 24/5*x**5 + 0 - 15*x. What is the units digit of b(-1)?
5
Suppose 3*f - 67410 = -2*f - 4*y, 3*y - 15 = 0. What is the ten thousands digit of f?
1
Let m be 3/(-6)*12/(-3). Let b be (-27)/3 + 4 + (m - 0). What is the units digit of -2 + 6*24 + (b - -5)?
4
Let n(q) = 71*q - 29. Let l be n(-10). Let w = -507 - l. What is the hundreds digit of w?
2
Suppose 0 = m + 3*c - 18, -37 + 20 = -4*m - c. Suppose m*g - 370 - 413 = 0. What is the units digit of g?
1
Let q(t) = -238*t - 5607. What is the hundreds digit of q(-48)?
8
Suppose 50*y = -0*y + 515400. What is the hundreds digit of y?
3
Suppose -f - v - 5 + 1 = 0, 3*f - 3*v + 12 = 0. Let q be (-4 - -1) + (-1 - f). Suppose 0 = 2*x - q*x - 5*c - 93, 4*x + 3*c = 121. What is the units digit of x?
4
Let c(u) = 111*u + 75. Suppose -f - 12 = -4*f. What is the hundreds digit of c(f)?
5
Let p = 61 - -943. What is the tens digit of 1*(8/2 - (1 - p))?
0
Suppose 5*s - 1 = 9. Suppose s*w + 14*w = 2816. What is the tens digit of w?
7
Let n be 10/(-2) + (-7 + -729 - -5). Let g = n - -1478. What is the tens digit of g?
4
What is the thousands digit of 36997476/488 - (-10)/4?
5
Let f = -19362 + 32317. What is the units digit of f?
5
Let c(n) = -238*n + 13. Let f be c(2). Let y = -238 - f. What is the units digit of y?
5
Let m(w) = -19*w + 2. Suppose -4*k + 7*k + 4*c = 9, 0 = -4*k + 4*c - 16. Let o be m(k). Suppose 11*p = 12*p - o. What is the units digit of p?
1
Let v(h) = h**3 + 5*h**2 + 6*h. Let i be v(-3). Suppose -p - 43 - 9 = i. Let f = p - -112. What is the tens digit of f?
6
Let w be 48/(-408) - (-87)/17. Suppose -11*m + 8*m + 4*d + 511 = 0, -4*m + 682 = -w*d. What is the units digit of m?
3
Let r(y) = -3138*y + 955. What is the units digit of r(-1)?
3
Let y(b) = -b**3 - 8*b**2 + 17*b + 18. Let k = 7 + -19. What is the units digit of y(k)?
0
Suppose 3*f - 20 = -5*k, 2*f - 11 - 2 = -3*k. Suppose 17 = 4*o + f*x, -3*x = -2*o + 2*x + 1. What is the units digit of o*(-1)/9*-81?
7
Let v be (13240/25)/(4/(-20)). Let g = 3995 + v. What is the tens digit of g?
4
Let m(t) = 156*t**3 + 40*t**2 - 4*t - 3. What is the thousands digit of m(4)?
0
Let o(j) = -2*j**2 + 2*j + 4. Let z be o(0). Let h be (-64)/24*(-6)/z. Suppose 0*v - 309 = -5*p + 2*v, -264 = -4*p - h*v. What is the tens digit of p?
6
Let n be 646/3 - (-1)/(6/4). Let g = 85 + n. Suppose -354 - g = -5*c. What is the hundreds digit of c?
1
Suppose -3674*w + 3454*w + 4486900 = 0. What is the ten thousands digit of w?
2
Let m = 120 + -12. Suppose 0 = 3*p + 1376 - 1466. Suppose 5*x = s + m, p = x + s + 3*s. What is the tens digit of x?
2
Let v(l) = l**3 - 2*l**2 - 2*l - 1. Let d be v(-1). Let q be (13/(-26))/(d/(-372)). Let c = q + 159. What is the tens digit of c?
6
Let j(l) be the third derivative of 11*l**4/12 - 2*l**3 + 25*l**2 - 2*l. What is the tens digit of j(4)?
7
Let c = -6224 + 6224. Suppose 0 = -3*f + 2*d - 9, 5*f + 3*d + 17 = 7*d. What is the tens digit of c*(-4 - (f + -2)) + 27?
2
Let p be (-1029 + -12)*-1*1. Suppose 4*i = 1227 + p. What is the hundreds digit of i?
5
Let w = -1303 + 2306. Let m = w - 680. What is the hundreds digit of m?
3
Let r = 758 + -1133. Let z = r + 1651. What is the hundreds digit of z?
2
Let j = -2268 - -5001. What is the tens digit of j?
3
Let w = -7328 - -4259. What is the hundreds digit of (w/(-6))/((-9)/(-24))?
3
Let x = 1 + 22. Suppose v = 5*u - 13, 4*v + 0*u - x = -5*u. Suppose 4*h - 5*h - v*n = -64, -236 = -4*h + 2*n. What is the tens digit of h?
6
Let q(x) = -25*x + 21. Let p = 136 - 199. Let d = -68 - p. What is the units digit of q(d)?
6
What is the hundreds digit of 957 - ((-4)/(-10))/(96/720)?
9
Suppose -194*h + 11831085 = 19*h. What is the hundreds digit of h?
5
What is the tens digit of 2*4953/(-52)*-138?
8
What is the units digit of (-4)/18 - (2/(-22) + 30768884/(-2871))?
7
Let p = 10768 + -6055. What is the units digit of p?
3
Let n be (-6)/(-21) + 2169/42*-2. Let a = n - -164. Suppose -3*g + 2*g + a = 0. What is the units digit of g?
1
Let q = 125 + -84. Suppose 4*t + 3*d - 142 = 0, 3*d - q + 158 = 3*t. What is the units digit of t?
7
Let i = 71847 + -33060. What is the hundreds digit of i?
7
Suppose 131386 = 72*r - 70*r + o, 3*r - 3*o = 197088. What is the tens digit of r?
9
Let o = -1297 - -2281. Let v be (o/(-18))/((-4)/54). What is the units digit of ((8/(-3))/(-4))/(6/v)?
2
Suppose g + 4*q = 545, 2*g - 526 = 4*q + 576. Suppose -9*m + 1440 = g. Suppose -m = -2*t + 65. What is the tens digit of t?
8
Let g(x) = x - 2. Let c be g(5). Suppose -13*v + 14 = -17 - 21. Suppose v*p = c*p + 6. What is the units digit of p?
6
Let z(p) = -p**3 - 4*p**2 + 10*p - 12. Let f be z(-6). Let q(a) = -a**3 - a**2 + 11*a + 412. What is the hundreds digit of q(f)?
4
Let p(t) = 2*t**3 + 21*t**2 + 10*t + 76. What is the tens digit of p(15)?
0
Suppose 0 = 18*n - 82*n + 181786 + 852454. What is the ten thousands digit of n?
1
Suppose -4*d = -3*h + 4, 2*h + 4*d = -3 - 1. Let p be 19 + h/(3 - -1). Suppose -15*q + 16*q - p = 0. What is the tens digit of q?
1
Let c(o) = -4*o**2 - 389*o - 687. What is the hundreds digit of c(-62)?
0
Let c(f) be the second derivative of 23*f**3/2 - 28*f**2 - 25*f. Let g be c(7). Let w = g + -250. What is the hundreds digit of w?
1
Let o = -117 + 124. What is the units digit of 4/o - (-465)/105?
5
Suppose 1655 = -4*t + 9*t + 4*q, -2*t - 5*q = -645. Let g = -194 + t. What is the tens digit of g?
4
Suppose k = -4*d + 2988 + 137, -3*k + 3*d = -9450. What is the tens digit of k?
4
Suppose 34 = 3*q + 5*w, 0 = -0*w + 4*w - 20. Suppose j = 7*s - q*s - 37, -5*s + 38 = -4*j. What is the tens digit of 4 - 2 - (-290)/s?
3
Let z be 2*((-5)/10 + 2). Suppose -z*c + c - 4 = -x, -2*x + 3*c = -9. Let w = x - -35. What is the units digit of w?
1
Suppose 0 = -4*i - 4*v + 18384, 0 = -137*i + 140*i - 3*v - 13782. What is the tens digit of i?
9
Let z(n) = -n**3 - 15*n**2 + n + 41. Suppose 0 = 2*g + 3*d + 37, -2*g - d - 30 = 5. What is the units digit of z(g)?
2
Let h = 2212 - 1323. Let a = h + -616. What is the tens digit of a?
7
Let k(j) = 7*j**2 + j + 2. Let s be k(-1). Suppose 2*p = 4*l + 1606, 4*l - 3729 = -4*p - 529. Suppose -r + p = s*r. What is the units digit of r?
9
Let p(w) be the second derivative of 105*w**4 + 13*w**3/6 + 13*w**2/2 - 10*w - 3. What is the hundreds digit of p(-1)?
2
Let x(h) = h**2 + h + 7. Let s be x(-6). Let d(b) = -814*b - 1631. Let u be d(-2). What is the units digit of 9*(-1)/u*s?
1
Let a(j) = 11*j**3 - 9*j**2 - 8*j - 26. What is the thousands digit of a(6)?
1
Suppose 5*a - 6 = 19, -3*x = 5*a - 34. Suppose 57 - 66 = -x*i. Suppose 2*r + 156 = 2*n + i*r, 4*n + 5*r - 306 = 0. What is the units digit of n?
9
Suppose -152 = 29*k - 25*k. Let b = k - -91. Suppose 0*l = f - 2*l - b, 5*f + 3*l = 252. What is the tens digit of f?
5
Suppose 5*o - 210 = 2*g + g, g = -2*o + 95. Let k = -43 + o. Suppose -k*b + 7*b = -5*a + 525, 5*a - 3*b = 549. What is the tens digit of a?
0
Suppose -40760 + 2213 = -50*k + 32903. What is the tens digit of k?
2
Let p(v) = 7*v**2 - 46*v - 14. Let w be p(7). W